{"id":75,"date":"2015-07-20T07:19:24","date_gmt":"2015-07-20T07:19:24","guid":{"rendered":"http:\/\/www.jaripartanen.com\/valokuvaus\/?page_id=75"},"modified":"2022-10-29T08:44:49","modified_gmt":"2022-10-29T08:44:49","slug":"hinnasto","status":"publish","type":"page","link":"https:\/\/www.jaripartanen.com\/valokuvaus\/hinnasto\/","title":{"rendered":"Hinnasto"},"content":{"rendered":"<ul>\n<li>Henkil\u00f6st\u00f6kuvat\n<ul>\n<li><strong>25\u00a0\u20ac \/ hl\u00f6<\/strong><\/li>\n<li>Yli 10 henkil\u00f6\u00e4: kysy pakettitarjousta<\/li>\n<\/ul>\n<\/li>\n<li>Passikuvaus\n<ul>\n<li><strong>26 \u20ac \/ hl\u00f6, <\/strong>l\u00e4het\u00e4n kuvat Poliisille ja annan paperikuvat mukaan<\/li>\n<\/ul>\n<\/li>\n<li>Henkil\u00f6kuva\/potretti\n<ul>\n<li>\u00a0<strong>65\u00a0\u20ac<\/strong>, harmaalla taustalla ja studiovaloilla, sis\u00e4lt\u00e4\u00e4 3 kuvaa<\/li>\n<li>lapsia varten studiossa rekvisiittana pieni lasten keinutuoli, iso koira ja Nalle Puh, iso paloauto ja keinuhevonen<\/li>\n<li>voi tuoda omaa rekvisiittaa mukana<\/li>\n<\/ul>\n<\/li>\n<li>Tuotekuvat (valkoisella, sinisell\u00e4 tai mustalla taustalla)\n<ul>\n<li>5 tuotteeseen asti: <strong>250\u00a0\u20ac<\/strong><\/li>\n<li>Lis\u00e4tuotteet <strong>20 \u20ac \/ kpl<\/strong> tai kysy pakettitarjousta<\/li>\n<\/ul>\n<\/li>\n<li>Mainoskuvaus alkaen <strong>185 \u20ac<\/strong><\/li>\n<li>Kiinteist\u00f6kuvaus\n<ul>\n<li>Alkaen<strong>\u00a0250 \u20ac \/ tila<\/strong>, sis. 15-20 kuvaa<\/li>\n<li>Kysy tarjoushintaa useasta kohteesta tai jatkuvasta toimeksiannosta<\/li>\n<\/ul>\n<\/li>\n<li>Tapahtuma- ja juhlakuvaus\u00a0alkaen\u00a0<strong>250\u00a0\u20ac\u00a0<\/strong><\/li>\n<li>Lehti- ja kuvituskuvaus sovitaan tapauskohtaisesti<\/li>\n<\/ul>\n<p>Hinnat sis\u00e4lt\u00e4v\u00e4t alv 24%.<\/p>\n<div class=\"post-content entry-content\">\n<p><strong>Maksutavat: pankki- tai luottokortti ja lasku<\/strong><\/p>\n<\/div>\n<div class=\"post-meta\"><\/div>\n","protected":false},"excerpt":{"rendered":"<p>Henkil\u00f6st\u00f6kuvat 25\u00a0\u20ac \/ hl\u00f6 Yli 10 henkil\u00f6\u00e4: kysy pakettitarjousta Passikuvaus 26 \u20ac \/ hl\u00f6, l\u00e4het\u00e4n kuvat Poliisille ja annan paperikuvat mukaan Henkil\u00f6kuva\/potretti \u00a065\u00a0\u20ac, harmaalla taustalla ja studiovaloilla, sis\u00e4lt\u00e4\u00e4 3 kuvaa lapsia varten studiossa rekvisiittana pieni lasten keinutuoli, iso koira ja Nalle Puh, iso paloauto ja keinuhevonen voi tuoda omaa rekvisiittaa mukana Tuotekuvat (valkoisella, sinisell\u00e4 tai [&hellip;]<\/p>\n","protected":false},"author":1,"featured_media":0,"parent":0,"menu_order":0,"comment_status":"closed","ping_status":"closed","template":"","meta":{"footnotes":""},"class_list":["post-75","page","type-page","status-publish","hentry"],"_links":{"self":[{"href":"https:\/\/www.jaripartanen.com\/valokuvaus\/wp-json\/wp\/v2\/pages\/75","targetHints":{"allow":["GET"]}}],"collection":[{"href":"https:\/\/www.jaripartanen.com\/valokuvaus\/wp-json\/wp\/v2\/pages"}],"about":[{"href":"https:\/\/www.jaripartanen.com\/valokuvaus\/wp-json\/wp\/v2\/types\/page"}],"author":[{"embeddable":true,"href":"https:\/\/www.jaripartanen.com\/valokuvaus\/wp-json\/wp\/v2\/users\/1"}],"replies":[{"embeddable":true,"href":"https:\/\/www.jaripartanen.com\/valokuvaus\/wp-json\/wp\/v2\/comments?post=75"}],"version-history":[{"count":18,"href":"https:\/\/www.jaripartanen.com\/valokuvaus\/wp-json\/wp\/v2\/pages\/75\/revisions"}],"predecessor-version":[{"id":559,"href":"https:\/\/www.jaripartanen.com\/valokuvaus\/wp-json\/wp\/v2\/pages\/75\/revisions\/559"}],"wp:attachment":[{"href":"https:\/\/www.jaripartanen.com\/valokuvaus\/wp-json\/wp\/v2\/media?parent=75"}],"curies":[{"name":"wp","href":"https:\/\/api.w.org\/{rel}","templated":true}]}}